late the remainder when 2231874 is divided by 36.
18
What is the remainder when 8925531 is divided by 21404?
63
Calculate the remainder when 285243 is divided by 2855.
2598
What is the remainder when 61889561 is divided by 3124?
3121
What is the remainder when 4846011 is divided by 27?
24
Calculate the remainder when 17123824 is divided by 1047.
139
What is the remainder when 186101 is divided by 1911?
734
What is the remainder when 377337 is divided by 8973?
471
Calculate the remainder when 1549829 is divided by 40.
29
Calculate the remainder when 467839 is divided by 51977.
46
What is the remainder when 16191777 is divided by 16191753?
24
What is the remainder when 6295 is divided by 1432?
567
Calculate the remainder when 111167 is divided by 1504.
1375
What is the remainder when 937705 is divided by 937412?
293
Calculate the remainder when 11533066 is divided by 1556.
1550
Calculate the remainder when 1606183 is divided by 8682.
13
What is the remainder when 285529 is divided by 20391?
55
Calculate the remainder when 2552008 is divided by 612.
580
Calculate the remainder when 8964078 is divided by 17.
12
What is the remainder when 126849253 is divided by 17?
13
What is the remainder when 64310 is divided by 63997?
313
Calculate the remainder when 88659 is divided by 4898.
495
Calculate the remainder when 47108018 is divided by 177.
176
What is the remainder when 409634 is divided by 385?
379
Calculate the remainder when 35292926 is divided by 352.
350
Calculate the remainder when 339938 is divided by 3504.
50
Calculate the remainder when 1527170 is divided by 157.
31
What is the remainder when 107681 is divided by 105454?
2227
What is the remainder when 1688318 is divided by 1687822?
496
What is the remainder when 11910898 is divided by 160958?
6
What is the remainder when 42744907 is divided by 26749?
5
What is the remainder when 788921 is divided by 55?
1
Calculate the remainder when 83778 is divided by 6467.
6174
Calculate the remainder when 91788 is divided by 22940.
28
Calculate the remainder when 561283 is divided by 8504.
19
Calculate the remainder when 80160412 is divided by 76.
20
What is the remainder when 1526468 is divided by 763035?
398
What is the remainder when 1361758 is divided by 1341?
643
What is the remainder when 325006 is divided by 6617?
773
What is the remainder when 89582495 is divided by 3163?
9
What is the remainder when 80955 is divided by 3373?
3
What is the remainder when 36759110 is divided by 7647?
7628
What is the remainder when 141223 is divided by 7058?
63
What is the remainder when 302538 is divided by 60500?
38
Calculate the remainder when 171618 is divided by 3436.
3254
Calculate the remainder when 50519 is divided by 4112.
1175
What is the remainder when 107305 is divided by 1888?
1577
What is the remainder when 133424 is divided by 52?
44
Calculate the remainder when 10208838 is divided by 22437.
3
What is the remainder when 9072992 is divided by 638?
632
Calculate the remainder when 16417027 is divided by 71.
52
What is the remainder when 67566927 is divided by 26?
25
Calculate the remainder when 71349182 is divided by 35674588.
6
Calculate the remainder when 381030560 is divided by 392815.
10
Calculate the remainder when 12404 is divided by 41.
22
Calculate the remainder when 901269 is divided by 172.
161
Calculate the remainder when 46688 is divided by 2058.
1412
Calculate the remainder when 1243531 is divided by 928.
11
Calculate the remainder when 31601 is divided by 4197.
2222
What is the remainder when 16390525 is divided by 2341494?
67
What is the remainder when 53657 is divided by 3781?
723
Calculate the remainder when 8870560 is divided by 33.
28
Calculate the remainder when 7944683 is divided by 39.
32
Calculate the remainder when 34619 is divided by 8548.
427
Calculate the remainder when 4896 is divided by 2150.
596
What is the remainder when 25038 is divided by 354?
258
What is the remainder when 224068632 is divided by 35?
32
What is the remainder when 156538 is divided by 16780?
5518
What is the remainder when 669322 is divided by 95425?
1347
Calculate the remainder when 58040 is divided by 237.
212
Calculate the remainder when 1830674 is divided by 525.
524
Calculate the remainder when 72236 is divided by 14409.
191
What is the remainder when 101404 is divided by 101219?
185
What is the remainder when 725027 is divided by 667?
665
Calculate the remainder when 7367038 is divided by 160.
158
Calculate the remainder when 82957 is divided by 464.
365
Calculate the remainder when 15791 is divided by 3549.
1595
Calculate the remainder when 109117746 is divided by 14.
10
Calculate the remainder when 6454078 is divided by 1266.
10
Calculate the remainder when 440788 is divided by 8162.
40
What is the remainder when 784420 is divided by 3456?
3364
Calculate the remainder when 19320239 is divided by 395.
394
Calculate the remainder when 61927879 is divided by 62680.
39
Calculate the remainder when 4594039 is divided by 2928.
7
Calculate the remainder when 129859205 is divided by 324.
5
What is the remainder when 1778356 is divided by 1892?
1768
Calculate the remainder when 257581726 is divided by 24.
22
Calculate the remainder when 38813 is divided by 2036.
129
Calculate the remainder when 16628593 is divided by 347.
6
Calculate the remainder when 165318 is divided by 82633.
52
Calculate the remainder when 12443919 is divided by 1377.
1347
What is the remainder when 2451030 is divided by 3205?
2410
What is the remainder when 124590361 is divided by 20765058?
13
What is the remainder when 69650 is divided by 658?
560
What is the remainder when 2332766 is divided by 583182?
38
What is the remainder when 285737 is divided by 79?
73
Calculate the remainder when 79428 is divided by 77958.
1470
What is the remainder when 127705550 is divided by 85?
20
What is the remainder when 52738105 is divided by 9379?
9367
Calculate the remainder when 1349154 is divided by 64235.
219
Calculate the remainder when 17523715 is divided by 323.
319
What is the remainder when 1365574991 is divided by 228?
227
What is the remainder when 18232862 is divided by 14?
4
What is the remainder when 4153515 is divided by 85?
75
Calculate the remainder when 688677 is divided by 193.
53
What is the remainder when 119101 is divided by 62?
61
Calculate the remainder when 1455147 is divided by 796.
59
What is the remainder when 343001 is divided by 3799?
1091
Calculate the remainder when 435931 is divided by 3113.
111
What is the remainder when 48984718 is divided by 424?
422
What is the remainder when 70161 is divided by 1151?
1101
What is the remainder when 4109530 is divided by 1369843?
1
What is the remainder when 585837 is divided by 408?
357
What is the remainder when 8510737 is divided by 3190?
3007
What is the remainder when 9136253 is divided by 1295?
28
What is the remainder when 2919847 is divided by 973279?
10
What is the remainder when 3662728 is divided by 37?
24
What is the remainder when 3493128 is divided by 1164137?
717
What is the remainder when 184675 is divided by 213?
4
Calculate the remainder when 59456 is divided by 1526.
1468
What is the remainder when 859767 is divided by 10880?
247
What is the remainder when 9785622 is divided by 12111?
12045
Calculate the remainder when 104537213 is divided by 43.
42
Calculate the remainder when 98902 is divided by 391.
370
What is the remainder when 3971633 is divided by 172?
153
What is the remainder when 15475213 is divided by 105?
103
What is the remainder when 32127 is divided by 2950?
2627
What is the remainder when 7968366 is divided by 7968336?
30
Calculate the remainder when 35947 is divided by 17867.
213
What is the remainder when 143245 is divided by 1020?
445
Calculate the remainder when 10114 is divided by 303.
115
Calculate the remainder when 2788975 is divided by 398425.
0
Calculate the remainder when 21824144 is divided by 45.
44
Calculate the remainder when 36968727 is divided by 1593.
1569
What is the remainder when 35663365 is divided by 589?
4
What is the remainder when 81669018 is divided by 12837?
24
What is the remainder when 3936338 is divided by 145786?
116
Calculate the remainder when 256396585 is divided by 105949.
5
What is the remainder w